2, 661
What are the prime factors of 41314?
2, 7, 13, 227
List the prime factors of 867.
3, 17
List the prime factors of 6741.
3, 7, 107
List the prime factors of 1078.
2, 7, 11
List the prime factors of 16758.
2, 3, 7, 19
What are the prime factors of 4772?
2, 1193
What are the prime factors of 10029?
3, 3343
What are the prime factors of 93744?
2, 3, 7, 31
List the prime factors of 351.
3, 13
List the prime factors of 5217.
3, 37, 47
List the prime factors of 9349.
9349
What are the prime factors of 196?
2, 7
What are the prime factors of 6708?
2, 3, 13, 43
List the prime factors of 3703.
7, 23
List the prime factors of 16.
2
List the prime factors of 1395.
3, 5, 31
What are the prime factors of 897?
3, 13, 23
List the prime factors of 6623.
37, 179
What are the prime factors of 1138?
2, 569
What are the prime factors of 4248?
2, 3, 59
List the prime factors of 2223.
3, 13, 19
What are the prime factors of 1160?
2, 5, 29
List the prime factors of 60033.
3, 20011
What are the prime factors of 469?
7, 67
List the prime factors of 12327.
3, 7, 587
List the prime factors of 5750.
2, 5, 23
What are the prime factors of 16393?
13, 97
What are the prime factors of 192?
2, 3
What are the prime factors of 548?
2, 137
List the prime factors of 110251.
110251
What are the prime factors of 16371?
3, 17, 107
What are the prime factors of 12458?
2, 6229
List the prime factors of 2528.
2, 79
What are the prime factors of 9422?
2, 7, 673
What are the prime factors of 2973?
3, 991
List the prime factors of 25320.
2, 3, 5, 211
What are the prime factors of 1012?
2, 11, 23
List the prime factors of 1449.
3, 7, 23
What are the prime factors of 810?
2, 3, 5
What are the prime factors of 8481?
3, 11, 257
List the prime factors of 27044.
2, 6761
What are the prime factors of 488?
2, 61
List the prime factors of 728.
2, 7, 13
What are the prime factors of 24517?
24517
List the prime factors of 1441.
11, 131
List the prime factors of 1431.
3, 53
What are the prime factors of 213?
3, 71
What are the prime factors of 2698?
2, 19, 71
What are the prime factors of 37719?
3, 11, 127
List the prime factors of 57992.
2, 11, 659
List the prime factors of 90606.
2, 3, 15101
List the prime factors of 2385.
3, 5, 53
What are the prime factors of 1904?
2, 7, 17
What are the prime factors of 268?
2, 67
What are the prime factors of 1745?
5, 349
List the prime factors of 6820.
2, 5, 11, 31
List the prime factors of 854.
2, 7, 61
List the prime factors of 18371.
18371
List the prime factors of 917.
7, 131
List the prime factors of 4704.
2, 3, 7
List the prime factors of 43473.
3, 43, 337
List the prime factors of 556.
2, 139
What are the prime factors of 1809?
3, 67
What are the prime factors of 10478?
2, 13, 31
List the prime factors of 1513.
17, 89
What are the prime factors of 6548?
2, 1637
List the prime factors of 16820.
2, 5, 29
List the prime factors of 3313.
3313
List the prime factors of 6.
2, 3
List the prime factors of 2870.
2, 5, 7, 41
List the prime factors of 68666.
2, 13, 19, 139
What are the prime factors of 372?
2, 3, 31
List the prime factors of 2713.
2713
List the prime factors of 3564.
2, 3, 11
What are the prime factors of 9668?
2, 2417
List the prime factors of 8043.
3, 7, 383
What are the prime factors of 3029?
13, 233
What are the prime factors of 1039?
1039
What are the prime factors of 4116?
2, 3, 7
List the prime factors of 6083.
7, 11, 79
What are the prime factors of 18722?
2, 11, 23, 37
List the prime factors of 676.
2, 13
List the prime factors of 1745.
5, 349
What are the prime factors of 32397?
3, 10799
What are the prime factors of 26936?
2, 7, 13, 37
What are the prime factors of 15278?
2, 7639
List the prime factors of 768.
2, 3
List the prime factors of 7974.
2, 3, 443
List the prime factors of 1936.
2, 11
List the prime factors of 9007.
9007
What are the prime factors of 11223?
3, 29, 43
What are the prime factors of 3885?
3, 5, 7, 37
What are the prime factors of 898?
2, 449
List the prime factors of 1198.
2, 599
What are the prime factors of 1873?
1873
List the prime factors of 152922.
2, 3, 7, 11, 331
List the prime factors of 138.
2, 3, 23
List the prime factors of 8958.
2, 3, 1493
What are the prime factors of 4328?
2, 541
What are the prime factors of 10417?
11, 947
What are the prime factors of 3645?
3, 5
What are the prime factors of 3655?
5, 17, 43
List the prime factors of 48.
2, 3
List the prime factors of 13.
13
List the prime factors of 1925.
5, 7, 11
What are the prime factors of 864?
2, 3
What are the prime factors of 68628?
2, 3, 7, 19, 43
List the prime factors of 669.
3, 223
What are the prime factors of 14890?
2, 5, 1489
List the prime factors of 276.
2, 3, 23
List the prime factors of 11235.
3, 5, 7, 107
List the prime factors of 33829.
33829
What are the prime factors of 17902?
2, 8951
What are the prime factors of 90?
2, 3, 5
List the prime factors of 4433.
11, 13, 31
List the prime factors of 6830.
2, 5, 683
What are the prime factors of 107759?
197, 547
List the prime factors of 1221.
3, 11, 37
What are the prime factors of 2049?
3, 683
What are the prime factors of 31626?
2, 3, 7, 251
What are the prime factors of 1680?
2, 3, 5, 7
What are the prime factors of 34251?
3, 7, 233
What are the prime factors of 29298?
2, 3, 19, 257
List the prime factors of 1792.
2, 7
List the prime factors of 3985.
5, 797
What are the prime factors of 4245?
3, 5, 283
List the prime factors of 3935.
5, 787
List the prime factors of 1775.
5, 71
What are the prime factors of 33513?
3, 11171
List the prime factors of 59606.
2, 29803
What are the prime factors of 25349?
25349
List the prime factors of 11659.
89, 131
List the prime factors of 12704.
2, 397
List the prime factors of 9153.
3, 113
List the prime factors of 18706.
2, 47, 199
List the prime factors of 19834.
2, 47, 211
What are the prime factors of 885?
3, 5, 59
What are the prime factors of 12069?
3, 149
What are the prime factors of 3784?
2, 11, 43
What are the prime factors of 5978?
2, 7, 61
List the prime factors of 17251.
13, 1327
List the prime factors of 1309.
7, 11, 17
List the prime factors of 106262.
2, 13, 61, 67
List the prime factors of 45330.
2, 3, 5, 1511
List the prime factors of 121583.
7, 11, 1579
What are the prime factors of 6886?
2, 11, 313
What are the prime factors of 15361?
15361
What are the prime factors of 877?
877
List the prime factors of 27419.
7, 3917
List the prime factors of 10177.
10177
List the prime factors of 390.
2, 3, 5, 13
What are the prime factors of 2177?
7, 311
What are the prime factors of 1264?
2, 79
What are the prime factors of 745?
5, 149
What are the prime factors of 2045?
5, 409
List the prime factors of 34958.
2, 7, 11, 227
List the prime factors of 18548.
2, 4637
List the prime factors of 14511.
3, 7, 691
What are the prime factors of 65274?
2, 3, 11, 23, 43
What are the prime factors of 10410?
2, 3, 5, 347
What are the prime factors of 3134?
2, 1567
What are the prime factors of 2530?
2, 5, 11, 23
What are the prime factors of 12808?
2, 1601
List the prime factors of 36346.
2, 17, 1069
List the prime factors of 12674.
2, 6337
What are the prime factors of 3714?
2, 3, 619
What are the prime factors of 4028?
2, 19, 53
List the prime factors of 2383.
2383
What are the prime factors of 14235?
3, 5, 13, 73
What are the prime factors of 37276?
2, 9319
What are the prime factors of 7011?
3, 19, 41
What are the prime factors of 9228?
2, 3, 769
List the prime factors of 1641.
3, 547
List the prime factors of 73836.
2, 3, 7, 293
List the prime factors of 265.
5, 53
What are the prime factors of 946?
2, 11, 43
List the prime factors of 625.
5
What are the prime factors of 129?
3, 43
What are the prime factors of 5213?
13, 401
List the prime factors of 16180.
2, 5, 809
What are the prime factors of 17844?
2, 3, 1487
What are the prime factors of 29274?
2, 3, 7, 17, 41
What are the prime factors of 2610?
2, 3, 5, 29
What are the prime factors of 29380?
2, 5, 13, 113
What are the prime factors of 1593?
3, 59
What are the prime factors of 51670?
2, 5, 5167
What are the prime factors of 10671?
3, 3557
List the prime factors of 4917.
3, 11, 149
What are the prime factors of 113137?
23, 4919
What are the prime factors of 42614?
2, 11, 13, 149
